
What is -14503 (base 6) in base 9?
-3183
23141 (base 7) to base 9
8085
Convert 20202 (base 4) to base 10.
546
Convert 3651 (base 9) to base 2.
101010011111
402 (base 6) to base 11
123
Convert 1001000000011 (base 2) to base 13.
2139
Convert -104a1 (base 13) to base 9.
-44251
Convert 829 (base 15) to base 4.
130233
What is 2317 (base 9) in base 13?
a21
What is 57 (base 12) in base 3?
2111
Convert 6aa8 (base 13) to base 6.
153254
Convert -10011201 (base 3) to base 15.
-a44
Convert 17040 (base 9) to base 15.
3700
3614 (base 11) to base 5
122414
Convert 3317 (base 8) to base 9.
2346
What is -7111 (base 12) in base 6?
-132421
What is 220021 (base 6) in base 4?
10123231
Convert -1011011001010 (base 2) to base 7.
-23003
Convert -228 (base 12) to base 16.
-140
26 (base 16) to base 5
123
-9454 (base 15) to base 16
-7a7a
Convert -2351 (base 12) to base 15.
-1284
What is bac (base 15) in base 9?
3550
Convert -1142430 (base 6) to base 9.
-101530
Convert -90 (base 13) to base 9.
-140
Convert -6565 (base 8) to base 7.
-13021
Convert 17 (base 15) to base 14.
18
What is 327 (base 11) in base 12?
288
Convert 202102 (base 3) to base 11.
461
Convert -2303 (base 7) to base 2.
-1101000100
Convert 3bd (base 15) to base 2.
1101010101
Convert -336 (base 7) to base 2.
-10101110
Convert -1912 (base 12) to base 9.
-4145
What is 12230312 (base 4) in base 5?
1334241
What is -780 (base 15) in base 10?
-1695
Convert 3026 (base 9) to base 12.
1343
What is 40214 (base 6) in base 2?
1010010010010
-2b56 (base 15) to base 7
-36063
Convert -2c0 (base 13) to base 2.
-111101110
Convert -36b (base 13) to base 15.
-29b
What is 1079 (base 14) in base 15?
ca1
-11221 (base 4) to base 16
-169
Convert 2002112 (base 3) to base 9.
2075
-7060 (base 13) to base 2
-11110001100001
Convert 6964 (base 14) to base 3.
221010101
What is 331020 (base 4) in base 3?
12100220
Convert 12441 (base 6) to base 8.
3551
What is -554 (base 12) in base 7?
-2200
-2943a (base 11) to base 12
-20224
a76 (base 16) to base 14
d94
What is -411220 (base 5) in base 8?
-31776
-535 (base 7) to base 5
-2041
1021001 (base 3) to base 11
766
What is -2fa (base 16) in base 4?
-23322
65 (base 7) to base 10
47
What is 142335 (base 6) in base 7?
54266
What is -4716 (base 9) in base 5?
-102443
2222021 (base 4) to base 10
10889
What is 101120101 (base 3) in base 2?
1111000011001
110111011110010 (base 2) to base 11
1a380
Convert -30012 (base 4) to base 10.
-774
Convert -fa9 (base 16) to base 12.
-23a1
What is -a9d3 (base 15) in base 16?
-8c85
Convert 326b5 (base 13) to base 10.
91239
-40331 (base 6) to base 5
-132221
dc (base 15) to base 5
1312
-22143 (base 7) to base 4
-1113000
Convert -21401 (base 8) to base 2.
-10001100000001
Convert 2101 (base 6) to base 13.
2a1
What is 1131 (base 7) in base 16?
19e
Convert -203032 (base 4) to base 9.
-3074
-24058 (base 9) to base 10
-16091
-22334 (base 6) to base 7
-12124
What is 1100101220 (base 3) in base 4?
12132222
-278 (base 10) to base 5
-2103
Convert -2220210 (base 3) to base 12.
-1293
240234 (base 5) to base 7
34466
Convert 1a93 (base 14) to base 13.
227a
What is -3624 (base 10) in base 8?
-7050
537 (base 9) to base 4
12313
1423 (base 8) to base 6
3351
5660 (base 14) to base 5
434410
What is 3111131 (base 4) in base 13?
62ab
b3d (base 16) to base 5
43002
Convert -12201 (base 4) to base 14.
-21b
What is 1006 (base 9) in base 13?
447
What is 1605c (base 13) in base 9?
63326
What is -8ce (base 16) in base 9?
-3074
Convert -25720 (base 10) to base 7.
-134662
Convert -414b (base 15) to base 14.
-5056
What is -22032 (base 7) in base 15?
-1976
What is -404 (base 10) in base 2?
-110010100
Convert -104344 (base 5) to base 3.
-12002221
Convert 78e (base 15) to base 3.
2100022
-617 (base 8) to base 3
-112210
Convert 761 (base 8) to base 6.
2145
21534 (base 6) to base 12
18aa
-39b (base 14) to base 4
-23111
Convert -93a (base 11) to base 2.
-10001101100
4e3b (base 16) to base 6
232415
Convert -16081 (base 11) to base 2.
-101100010111100
Convert 1221003 (base 4) to base 3.
100020000
What is 14850 (base 10) in base 2?
11101000000010
-4330 (base 8) to base 16
-8d8
What is -1142302 (base 5) in base 9?
-32534
-3b0d (base 16) to base 3
-202201220
Convert -443 (base 10) to base 4.
-12323
ba (base 14) to base 12
118
Convert -55c (base 14) to base 16.
-426
120211 (base 3) to base 6
1551
112322132 (base 4) to base 10
93854
Convert -38394 (base 10) to base 6.
-453430
3150 (base 7) to base 3
1112020
Convert 1013 (base 5) to base 6.
341
-1303 (base 5) to base 14
-107
What is bc72 (base 16) in base 6?
1011202
Convert 13543 (base 7) to base 15.
1171
Convert -10001111101 (base 2) to base 4.
-101331
-1102120 (base 3) to base 5
-13131
Convert -132112 (base 8) to base 16.
-b44a
What is -2200 (base 7) in base 16?
-310
What is 1ba (base 13) in base 5?
2242
What is 488 (base 10) in base 12?
348
-12200022 (base 3) to base 5
-113024
Convert 2989 (base 16) to base 6.
121121
What is 111110 (base 3) in base 16?
16b
What is -4928 (base 14) in base 16?
-31e8
What is -110101011100 (base 2) in base 3?
-11200200
43210 (base 7) to base 13
4b70
Convert -43 (base 10) to base 14.
-31
1367 (base 15) to base 7
15043
-2552 (base 8) to base 4
-111222
What is -1454 (base 7) in base 9?
-712
Convert -1522 (base 10) to base 2.
-10111110010
22d4 (base 14) to base 9
8280
Convert 1c7 (base 14) to base 2.
101110011
Convert 11c0 (base 15) to base 14.
1540
What is 64a5 (base 11) in base 16?
2189
Convert 4376 (base 9) to base 14.
1268
Convert 310 (base 5) to base 14.
5a
Convert -807 (base 11) to base 16.
-3cf
What is -310 (base 10) in base 11?
-262
What is 34b (base 13) in base 6?
2350
What is -4a (base 11) in base 16?
-36
Convert 38861 (base 11) to base 13.
1c405
What is -5643 (base 9) in base 4?
-1001022
Convert -133 (base 8) to base 13.
-70
What is 436 (base 10) in base 2?
110110100
37836 (base 10) to base 16
93cc
What is -11321 (base 4) in base 3?
-111222
What is -56 (base 14) in base 8?
-114
Convert -154065 (base 7) to base 14.
-b035
What is -202302 (base 4) in base 12?
-1356
Convert 1001011100 (base 2) to base 7.
1522
-433 (base 9) to base 2
-101100010
Convert 3787 (base 10) to base 7.
14020
-3a50 (base 14) to base 9
-15062
What is -314343 (base 5) in base 7?
-42620
101110010 (base 3) to base 14
2ac1
Convert 4855 (base 11) to base 12.
3814
What is -10001221120 (base 3) in base 6?
-1143540
Convert -8a (base 11) to base 13.
-77
10232 (base 4) to base 8
456
What is 4248 (base 13) in base 9?
13536
Convert 412613 (base 7) to base 4.
101033123
10031230 (base 4) to base 3
212200021
-1100011 (base 2) to base 15
-69
Convert -587 (base 15) to base 6.
-5444
Convert -3022 (base 5) to base 10.
-387
Convert 984 (base 12) to base 16.
574
Convert -520 (base 14) to base 10.
-1008
-100265 (base 8) to base 11
-22834
What is -434014 (base 5) in base 3?
-202102021
-7606 (base 9) to base 16
-15db
What is 100 (base 3) in base 12?
9
What is 304 (base 7) in base 3?
12121
Convert 11011101 (base 2) to base 4.
3131
30013212 (base 4) to base 16
c1e6
What is 1305 (base 7) in base 16?
1ef
What is -1 (base 16) in base 15?
-1
What is -1d2 (base 14) in base 5?
-3010
22487 (base 9) to base 12
8807
5456 (base 10) to base 5
133311
What is 223432 (base 5) in base 9?
11860
-21044 (base 6) to base 12
-1784
-6154 (base 10) to base 12
-368a
-30532 (base 9) to base 12
-b785
Convert 3b18 (base 16) to base 4.
3230120
What is 14246 (base 15) in base 11?
44625
346 (base 10) to base 4
11122
Convert -4220 (base 11) to base 8.
-12724
-12963 (base 12) to base 9
-38053
What is -200221 (base 3) in base 4?
-13333
-1000101000100 (base 2) to base 7
-15613
Convert -111010001000011 (base 2) to base 16.
-7443
What is 15406 (base 9) in base 2?
10100100101000
-3b01 (base 12) to base 6
-51201
Convert 212110 (base 3) to base 12.
449
-110112030 (base 4) to base 6
-1441500
What is 1110222201 (base 3) in base 10?
29152
Convert 3331 (base 4) to base 7.
511
What is -132 (base 14) in base 10?
-240
Convert -2212212 (base 3) to base 15.
-952
What is 2d80 (base 15) in base 13?
45c6
12342 (base 5) to base 8
1714
What is -28e8 (base 16) in base 14?
-3b60
Convert 314111 (base 5) to base 13.
4a41
What is -200012 (base 3) in base 12?
-34b
Convert 62736 (base 9) to base 11.
29139
Convert -12221002 (base 3) to base